{"id":6,"date":"2022-03-24T21:46:37","date_gmt":"2022-03-24T21:46:37","guid":{"rendered":"https:\/\/shop.sualtezareal.xyz\/index.php\/shop\/"},"modified":"2026-03-25T23:07:58","modified_gmt":"2026-03-26T02:07:58","slug":"inicio","status":"publish","type":"page","link":"https:\/\/shop.sualtezareal.xyz\/","title":{"rendered":"Estos son textiles de algod\u00f3n te\u00f1idos en peque\u00f1a escala."},"content":{"rendered":"\n<hr class=\"wp-block-separator has-alpha-channel-opacity is-style-wide\"\/>\n\n\n\n<div class=\"wp-block-group alignfull has-global-padding is-layout-constrained wp-container-core-group-is-layout-b25ccd55 wp-block-group-is-layout-constrained\" style=\"margin-top:0;margin-bottom:0;padding-top:var(--wp--preset--spacing--50);padding-right:var(--wp--preset--spacing--50);padding-bottom:var(--wp--preset--spacing--50);padding-left:var(--wp--preset--spacing--50)\">\n<div class=\"wp-block-columns alignwide is-layout-flex wp-container-core-columns-is-layout-ff4b9c61 wp-block-columns-is-layout-flex\" style=\"margin-top:0;margin-bottom:0\">\n<div class=\"wp-block-column is-layout-flow wp-container-core-column-is-layout-8a368f38 wp-block-column-is-layout-flow\">\n<figure class=\"wp-block-image size-large is-style-rounded is-style-rounded--1\"><a href=\"https:\/\/shop.sualtezareal.xyz\/index.php\/product-category\/textil\/\"><img data-recalc-dims=\"1\" loading=\"lazy\" decoding=\"async\" width=\"1024\" height=\"1024\" src=\"https:\/\/i0.wp.com\/shop.sualtezareal.xyz\/wp-content\/uploads\/2026\/02\/flores6-1.webp?resize=1024%2C1024&#038;ssl=1\" alt=\"\" class=\"wp-image-387\" style=\"aspect-ratio:4\/3;object-fit:cover\" srcset=\"https:\/\/i0.wp.com\/shop.sualtezareal.xyz\/wp-content\/uploads\/2026\/02\/flores6-1.webp?resize=1024%2C1024&amp;ssl=1 1024w, https:\/\/i0.wp.com\/shop.sualtezareal.xyz\/wp-content\/uploads\/2026\/02\/flores6-1.webp?resize=300%2C300&amp;ssl=1 300w, https:\/\/i0.wp.com\/shop.sualtezareal.xyz\/wp-content\/uploads\/2026\/02\/flores6-1.webp?resize=150%2C150&amp;ssl=1 150w, https:\/\/i0.wp.com\/shop.sualtezareal.xyz\/wp-content\/uploads\/2026\/02\/flores6-1.webp?resize=768%2C768&amp;ssl=1 768w, https:\/\/i0.wp.com\/shop.sualtezareal.xyz\/wp-content\/uploads\/2026\/02\/flores6-1.webp?resize=1536%2C1536&amp;ssl=1 1536w, https:\/\/i0.wp.com\/shop.sualtezareal.xyz\/wp-content\/uploads\/2026\/02\/flores6-1.webp?resize=600%2C600&amp;ssl=1 600w, https:\/\/i0.wp.com\/shop.sualtezareal.xyz\/wp-content\/uploads\/2026\/02\/flores6-1.webp?resize=100%2C100&amp;ssl=1 100w, https:\/\/i0.wp.com\/shop.sualtezareal.xyz\/wp-content\/uploads\/2026\/02\/flores6-1.webp?w=2000&amp;ssl=1 2000w\" sizes=\"auto, (max-width: 1000px) 100vw, 1000px\" \/><\/a><\/figure>\n\n\n\n<div style=\"height:var(--wp--preset--spacing--50)\" aria-hidden=\"true\" class=\"wp-block-spacer\"><\/div>\n\n\n\n<figure class=\"wp-block-image size-large is-style-rounded is-style-rounded--2\"><a href=\"https:\/\/shop.sualtezareal.xyz\/index.php\/product-category\/textil\/\"><img data-recalc-dims=\"1\" loading=\"lazy\" decoding=\"async\" width=\"576\" height=\"1024\" src=\"https:\/\/i0.wp.com\/shop.sualtezareal.xyz\/wp-content\/uploads\/2026\/02\/e817274e-b6b2-4311-b84e-15ac0dbfad99.webp?resize=576%2C1024&#038;ssl=1\" alt=\"\" class=\"wp-image-376\" style=\"aspect-ratio:3\/4;object-fit:cover\" srcset=\"https:\/\/i0.wp.com\/shop.sualtezareal.xyz\/wp-content\/uploads\/2026\/02\/e817274e-b6b2-4311-b84e-15ac0dbfad99.webp?resize=576%2C1024&amp;ssl=1 576w, https:\/\/i0.wp.com\/shop.sualtezareal.xyz\/wp-content\/uploads\/2026\/02\/e817274e-b6b2-4311-b84e-15ac0dbfad99.webp?resize=169%2C300&amp;ssl=1 169w, https:\/\/i0.wp.com\/shop.sualtezareal.xyz\/wp-content\/uploads\/2026\/02\/e817274e-b6b2-4311-b84e-15ac0dbfad99.webp?resize=600%2C1067&amp;ssl=1 600w, https:\/\/i0.wp.com\/shop.sualtezareal.xyz\/wp-content\/uploads\/2026\/02\/e817274e-b6b2-4311-b84e-15ac0dbfad99.webp?w=720&amp;ssl=1 720w\" sizes=\"auto, (max-width: 576px) 100vw, 576px\" \/><\/a><\/figure>\n<\/div>\n\n\n\n<div class=\"wp-block-column is-layout-flow wp-container-core-column-is-layout-8a368f38 wp-block-column-is-layout-flow\">\n<div style=\"height:var(--wp--preset--spacing--50)\" aria-hidden=\"true\" class=\"wp-block-spacer\"><\/div>\n\n\n\n<figure class=\"wp-block-image size-large is-style-rounded is-style-rounded--3\"><a href=\"https:\/\/shop.sualtezareal.xyz\/index.php\/product-category\/textil\/\"><img data-recalc-dims=\"1\" loading=\"lazy\" decoding=\"async\" width=\"1024\" height=\"1024\" src=\"https:\/\/i0.wp.com\/shop.sualtezareal.xyz\/wp-content\/uploads\/2026\/02\/boca4.webp?resize=1024%2C1024&#038;ssl=1\" alt=\"\" class=\"wp-image-323\" style=\"aspect-ratio:3\/4;object-fit:cover\" srcset=\"https:\/\/i0.wp.com\/shop.sualtezareal.xyz\/wp-content\/uploads\/2026\/02\/boca4.webp?resize=1024%2C1024&amp;ssl=1 1024w, https:\/\/i0.wp.com\/shop.sualtezareal.xyz\/wp-content\/uploads\/2026\/02\/boca4.webp?resize=300%2C300&amp;ssl=1 300w, https:\/\/i0.wp.com\/shop.sualtezareal.xyz\/wp-content\/uploads\/2026\/02\/boca4.webp?resize=150%2C150&amp;ssl=1 150w, https:\/\/i0.wp.com\/shop.sualtezareal.xyz\/wp-content\/uploads\/2026\/02\/boca4.webp?resize=768%2C768&amp;ssl=1 768w, https:\/\/i0.wp.com\/shop.sualtezareal.xyz\/wp-content\/uploads\/2026\/02\/boca4.webp?resize=1536%2C1536&amp;ssl=1 1536w, https:\/\/i0.wp.com\/shop.sualtezareal.xyz\/wp-content\/uploads\/2026\/02\/boca4.webp?resize=600%2C600&amp;ssl=1 600w, https:\/\/i0.wp.com\/shop.sualtezareal.xyz\/wp-content\/uploads\/2026\/02\/boca4.webp?resize=100%2C100&amp;ssl=1 100w, https:\/\/i0.wp.com\/shop.sualtezareal.xyz\/wp-content\/uploads\/2026\/02\/boca4.webp?w=2000&amp;ssl=1 2000w\" sizes=\"auto, (max-width: 1000px) 100vw, 1000px\" \/><\/a><\/figure>\n\n\n\n<div style=\"height:var(--wp--preset--spacing--50)\" aria-hidden=\"true\" class=\"wp-block-spacer\"><\/div>\n\n\n\n<figure class=\"wp-block-image size-large is-style-rounded is-style-rounded--4\"><a href=\"https:\/\/shop.sualtezareal.xyz\/index.php\/product-category\/textil\/\"><img data-recalc-dims=\"1\" loading=\"lazy\" decoding=\"async\" width=\"1024\" height=\"1024\" src=\"https:\/\/i0.wp.com\/shop.sualtezareal.xyz\/wp-content\/uploads\/2026\/02\/flores2.webp?resize=1024%2C1024&#038;ssl=1\" alt=\"\" class=\"wp-image-345\" style=\"aspect-ratio:1;object-fit:cover\" srcset=\"https:\/\/i0.wp.com\/shop.sualtezareal.xyz\/wp-content\/uploads\/2026\/02\/flores2.webp?resize=1024%2C1024&amp;ssl=1 1024w, https:\/\/i0.wp.com\/shop.sualtezareal.xyz\/wp-content\/uploads\/2026\/02\/flores2.webp?resize=300%2C300&amp;ssl=1 300w, https:\/\/i0.wp.com\/shop.sualtezareal.xyz\/wp-content\/uploads\/2026\/02\/flores2.webp?resize=150%2C150&amp;ssl=1 150w, https:\/\/i0.wp.com\/shop.sualtezareal.xyz\/wp-content\/uploads\/2026\/02\/flores2.webp?resize=768%2C768&amp;ssl=1 768w, https:\/\/i0.wp.com\/shop.sualtezareal.xyz\/wp-content\/uploads\/2026\/02\/flores2.webp?resize=1536%2C1536&amp;ssl=1 1536w, https:\/\/i0.wp.com\/shop.sualtezareal.xyz\/wp-content\/uploads\/2026\/02\/flores2.webp?resize=600%2C600&amp;ssl=1 600w, https:\/\/i0.wp.com\/shop.sualtezareal.xyz\/wp-content\/uploads\/2026\/02\/flores2.webp?resize=100%2C100&amp;ssl=1 100w, https:\/\/i0.wp.com\/shop.sualtezareal.xyz\/wp-content\/uploads\/2026\/02\/flores2.webp?w=2000&amp;ssl=1 2000w\" sizes=\"auto, (max-width: 1000px) 100vw, 1000px\" \/><\/a><\/figure>\n\n\n\n<div style=\"height:var(--wp--preset--spacing--50)\" aria-hidden=\"true\" class=\"wp-block-spacer\"><\/div>\n<\/div>\n\n\n\n<div class=\"wp-block-column is-layout-flow wp-container-core-column-is-layout-8a368f38 wp-block-column-is-layout-flow\">\n<figure class=\"wp-block-image size-large is-style-rounded is-style-rounded--5\"><a href=\"https:\/\/shop.sualtezareal.xyz\/index.php\/product-category\/textil\/\"><img data-recalc-dims=\"1\" loading=\"lazy\" decoding=\"async\" width=\"683\" height=\"1024\" src=\"https:\/\/i0.wp.com\/shop.sualtezareal.xyz\/wp-content\/uploads\/2026\/02\/DSC0315.webp?resize=683%2C1024&#038;ssl=1\" alt=\"\" class=\"wp-image-385\" style=\"aspect-ratio:3\/4;object-fit:cover\" srcset=\"https:\/\/i0.wp.com\/shop.sualtezareal.xyz\/wp-content\/uploads\/2026\/02\/DSC0315-scaled.webp?resize=683%2C1024&amp;ssl=1 683w, https:\/\/i0.wp.com\/shop.sualtezareal.xyz\/wp-content\/uploads\/2026\/02\/DSC0315-scaled.webp?resize=200%2C300&amp;ssl=1 200w, https:\/\/i0.wp.com\/shop.sualtezareal.xyz\/wp-content\/uploads\/2026\/02\/DSC0315-scaled.webp?resize=768%2C1152&amp;ssl=1 768w, https:\/\/i0.wp.com\/shop.sualtezareal.xyz\/wp-content\/uploads\/2026\/02\/DSC0315-scaled.webp?resize=1024%2C1536&amp;ssl=1 1024w, https:\/\/i0.wp.com\/shop.sualtezareal.xyz\/wp-content\/uploads\/2026\/02\/DSC0315-scaled.webp?resize=1365%2C2048&amp;ssl=1 1365w, https:\/\/i0.wp.com\/shop.sualtezareal.xyz\/wp-content\/uploads\/2026\/02\/DSC0315-scaled.webp?resize=600%2C900&amp;ssl=1 600w, https:\/\/i0.wp.com\/shop.sualtezareal.xyz\/wp-content\/uploads\/2026\/02\/DSC0315-scaled.webp?w=1707&amp;ssl=1 1707w\" sizes=\"auto, (max-width: 683px) 100vw, 683px\" \/><\/a><\/figure>\n\n\n\n<div style=\"height:var(--wp--preset--spacing--50)\" aria-hidden=\"true\" class=\"wp-block-spacer\"><\/div>\n\n\n\n<figure class=\"wp-block-image size-large is-style-rounded is-style-rounded--6\"><a href=\"https:\/\/shop.sualtezareal.xyz\/index.php\/product-category\/textil\/\"><img data-recalc-dims=\"1\" loading=\"lazy\" decoding=\"async\" width=\"768\" height=\"1024\" src=\"https:\/\/i0.wp.com\/shop.sualtezareal.xyz\/wp-content\/uploads\/2026\/02\/IMG_7688.webp?resize=768%2C1024&#038;ssl=1\" alt=\"\" class=\"wp-image-389\" style=\"aspect-ratio:3\/4;object-fit:cover\" srcset=\"https:\/\/i0.wp.com\/shop.sualtezareal.xyz\/wp-content\/uploads\/2026\/02\/IMG_7688-scaled.webp?resize=768%2C1024&amp;ssl=1 768w, https:\/\/i0.wp.com\/shop.sualtezareal.xyz\/wp-content\/uploads\/2026\/02\/IMG_7688-scaled.webp?resize=225%2C300&amp;ssl=1 225w, https:\/\/i0.wp.com\/shop.sualtezareal.xyz\/wp-content\/uploads\/2026\/02\/IMG_7688-scaled.webp?resize=1152%2C1536&amp;ssl=1 1152w, https:\/\/i0.wp.com\/shop.sualtezareal.xyz\/wp-content\/uploads\/2026\/02\/IMG_7688-scaled.webp?resize=1536%2C2048&amp;ssl=1 1536w, https:\/\/i0.wp.com\/shop.sualtezareal.xyz\/wp-content\/uploads\/2026\/02\/IMG_7688-scaled.webp?resize=600%2C800&amp;ssl=1 600w, https:\/\/i0.wp.com\/shop.sualtezareal.xyz\/wp-content\/uploads\/2026\/02\/IMG_7688-scaled.webp?w=1920&amp;ssl=1 1920w\" sizes=\"auto, (max-width: 768px) 100vw, 768px\" \/><\/a><\/figure>\n<\/div>\n\n\n\n<div class=\"wp-block-column is-layout-flow wp-container-core-column-is-layout-8a368f38 wp-block-column-is-layout-flow\">\n<div style=\"height:var(--wp--preset--spacing--50)\" aria-hidden=\"true\" class=\"wp-block-spacer\"><\/div>\n\n\n\n<figure class=\"wp-block-image size-large is-style-rounded is-style-rounded--7\"><a href=\"https:\/\/shop.sualtezareal.xyz\/index.php\/product-category\/textil\/\"><img data-recalc-dims=\"1\" loading=\"lazy\" decoding=\"async\" width=\"768\" height=\"1024\" src=\"https:\/\/i0.wp.com\/shop.sualtezareal.xyz\/wp-content\/uploads\/2026\/02\/IMG_7675.webp?resize=768%2C1024&#038;ssl=1\" alt=\"\" class=\"wp-image-386\" style=\"aspect-ratio:1;object-fit:cover\" srcset=\"https:\/\/i0.wp.com\/shop.sualtezareal.xyz\/wp-content\/uploads\/2026\/02\/IMG_7675-scaled.webp?resize=768%2C1024&amp;ssl=1 768w, https:\/\/i0.wp.com\/shop.sualtezareal.xyz\/wp-content\/uploads\/2026\/02\/IMG_7675-scaled.webp?resize=225%2C300&amp;ssl=1 225w, https:\/\/i0.wp.com\/shop.sualtezareal.xyz\/wp-content\/uploads\/2026\/02\/IMG_7675-scaled.webp?resize=1152%2C1536&amp;ssl=1 1152w, https:\/\/i0.wp.com\/shop.sualtezareal.xyz\/wp-content\/uploads\/2026\/02\/IMG_7675-scaled.webp?resize=1536%2C2048&amp;ssl=1 1536w, https:\/\/i0.wp.com\/shop.sualtezareal.xyz\/wp-content\/uploads\/2026\/02\/IMG_7675-scaled.webp?resize=600%2C800&amp;ssl=1 600w, https:\/\/i0.wp.com\/shop.sualtezareal.xyz\/wp-content\/uploads\/2026\/02\/IMG_7675-scaled.webp?w=1920&amp;ssl=1 1920w\" sizes=\"auto, (max-width: 768px) 100vw, 768px\" \/><\/a><\/figure>\n\n\n\n<div style=\"height:var(--wp--preset--spacing--50)\" aria-hidden=\"true\" class=\"wp-block-spacer\"><\/div>\n\n\n\n<figure class=\"wp-block-image size-large is-style-rounded is-style-rounded--8\"><a href=\"https:\/\/shop.sualtezareal.xyz\/index.php\/product-category\/textil\/\"><img data-recalc-dims=\"1\" loading=\"lazy\" decoding=\"async\" width=\"1024\" height=\"683\" src=\"https:\/\/i0.wp.com\/shop.sualtezareal.xyz\/wp-content\/uploads\/2026\/02\/DSC0300.jpg?resize=1024%2C683&#038;ssl=1\" alt=\"\" class=\"wp-image-391\" style=\"aspect-ratio:16\/9;object-fit:cover\" srcset=\"https:\/\/i0.wp.com\/shop.sualtezareal.xyz\/wp-content\/uploads\/2026\/02\/DSC0300-scaled.jpg?resize=1024%2C683&amp;ssl=1 1024w, https:\/\/i0.wp.com\/shop.sualtezareal.xyz\/wp-content\/uploads\/2026\/02\/DSC0300-scaled.jpg?resize=300%2C200&amp;ssl=1 300w, https:\/\/i0.wp.com\/shop.sualtezareal.xyz\/wp-content\/uploads\/2026\/02\/DSC0300-scaled.jpg?resize=768%2C512&amp;ssl=1 768w, https:\/\/i0.wp.com\/shop.sualtezareal.xyz\/wp-content\/uploads\/2026\/02\/DSC0300-scaled.jpg?resize=1536%2C1024&amp;ssl=1 1536w, https:\/\/i0.wp.com\/shop.sualtezareal.xyz\/wp-content\/uploads\/2026\/02\/DSC0300-scaled.jpg?resize=2048%2C1365&amp;ssl=1 2048w, https:\/\/i0.wp.com\/shop.sualtezareal.xyz\/wp-content\/uploads\/2026\/02\/DSC0300-scaled.jpg?resize=600%2C400&amp;ssl=1 600w\" sizes=\"auto, (max-width: 1000px) 100vw, 1000px\" \/><\/a><\/figure>\n<\/div>\n<\/div>\n<\/div>\n\n\n\n<div class=\"wp-block-group alignwide has-global-padding is-layout-constrained wp-block-group-is-layout-constrained\">\n<p class=\"has-heading-font-family has-medium-font-size\" style=\"border-top-left-radius:4px;border-top-right-radius:4px;border-bottom-left-radius:4px;border-bottom-right-radius:4px\">Cada pieza es realizada mediante un proceso artesanal de te\u00f1ido con colorantes reactivos espec\u00edficos para fibras de origen natural, que se fijan directamente a la tela, resultando en colores mas duraderos frente al uso y los lavados.<\/p>\n\n\n\n<p class=\"has-heading-font-family has-medium-font-size\" style=\"border-top-left-radius:4px;border-top-right-radius:4px;border-bottom-left-radius:4px;border-bottom-right-radius:4px\">Los dise\u00f1os se generan a partir de pliegues en la tela, inspirados en t\u00e9cnicas de <em>shibori<\/em>, donde el patr\u00f3n surge del propio proceso y del comportamiento del material.<\/p>\n<\/div>\n\n\n\n<p><\/p>\n\n\n\n<div class=\"wp-block-group alignwide has-global-padding is-layout-constrained wp-block-group-is-layout-constrained\">\n<hr class=\"wp-block-separator has-alpha-channel-opacity is-style-wide\"\/>\n\n\n\n<div class=\"wp-block-buttons is-content-justification-center is-layout-flex wp-container-core-buttons-is-layout-a89b3969 wp-block-buttons-is-layout-flex\">\n<div class=\"wp-block-button\"><a class=\"wp-block-button__link wp-element-button\" href=\"https:\/\/shop.sualtezareal.xyz\/index.php\/product-category\/textil\/\">Entrar a la tienda<\/a><\/div>\n<\/div>\n<\/div>\n","protected":false},"excerpt":{"rendered":"<p>Cada pieza es realizada mediante un proceso artesanal de te\u00f1ido con colorantes reactivos espec\u00edficos para fibras de origen natural, que se fijan directamente a la tela, resultando en colores mas duraderos frente al uso y los lavados. Los dise\u00f1os se generan a partir de pliegues en la tela, inspirados en t\u00e9cnicas de shibori, donde el [&hellip;]<\/p>\n","protected":false},"author":1,"featured_media":0,"parent":0,"menu_order":0,"comment_status":"closed","ping_status":"closed","template":"","meta":{"footnotes":""},"class_list":["post-6","page","type-page","status-publish","hentry"],"jetpack_sharing_enabled":true,"_links":{"self":[{"href":"https:\/\/shop.sualtezareal.xyz\/index.php\/wp-json\/wp\/v2\/pages\/6","targetHints":{"allow":["GET"]}}],"collection":[{"href":"https:\/\/shop.sualtezareal.xyz\/index.php\/wp-json\/wp\/v2\/pages"}],"about":[{"href":"https:\/\/shop.sualtezareal.xyz\/index.php\/wp-json\/wp\/v2\/types\/page"}],"author":[{"embeddable":true,"href":"https:\/\/shop.sualtezareal.xyz\/index.php\/wp-json\/wp\/v2\/users\/1"}],"replies":[{"embeddable":true,"href":"https:\/\/shop.sualtezareal.xyz\/index.php\/wp-json\/wp\/v2\/comments?post=6"}],"version-history":[{"count":35,"href":"https:\/\/shop.sualtezareal.xyz\/index.php\/wp-json\/wp\/v2\/pages\/6\/revisions"}],"predecessor-version":[{"id":597,"href":"https:\/\/shop.sualtezareal.xyz\/index.php\/wp-json\/wp\/v2\/pages\/6\/revisions\/597"}],"wp:attachment":[{"href":"https:\/\/shop.sualtezareal.xyz\/index.php\/wp-json\/wp\/v2\/media?parent=6"}],"curies":[{"name":"wp","href":"https:\/\/api.w.org\/{rel}","templated":true}]}}